{"id":86,"date":"2014-10-14T10:10:18","date_gmt":"2014-10-14T14:10:18","guid":{"rendered":"http:\/\/www.hoebarth.at\/cik\/?page_id=86"},"modified":"2016-11-27T22:25:26","modified_gmt":"2016-11-27T21:25:26","slug":"prinzipien","status":"publish","type":"page","link":"https:\/\/www.cimbria-kufstein.at\/?page_id=86","title":{"rendered":"Prinzipien"},"content":{"rendered":"<h2>Die Prinzipien der K.\u00d6.St.V. Cimbria Kufstein<\/h2>\n<div class=\"Block\">\nDie vier teils inneinandergreifenden Prinzipien &#8211; Religio, Patria, Scientia und Amicitia machen in ihrer Gesamtheit unsere Identit\u00e4t aus und sind die Grundlage daf\u00fcr, wie wir unser Verbindungs- und vor allem auch unser pers\u00f6nliches Leben gestalten wollen.\n<\/div>\n<p><\/p>\n<div class=\"Block\">\n<h3>Religio<\/h3>\n<p><img decoding=\"async\" class=\"lfloat\" src=\"\/wp-content\/uploads\/2014\/10\/stvitus.png\" alt=\"\" \/>Wir sind eine katholische Verbindung. Als Laienorganisation &#8211; unser Dachverband, der MKV, ist Mitglied in der Arbeitsgemeinschaft katholischer Verb\u00e4nde &#8211; bem\u00fchen wir uns, unser Leben nach christlichen Grunds\u00e4tzen zu gestalten, auch unseren Mitmenschen im Sinne der N\u00e4chstenliebe zu begegnen und die Gesellschaft auf der Grundlage der Katholischen Soziallehre zu gestalten.<br \/>\nUnsere religi\u00f6se \u00dcberzeugung \u00e4u\u00dfert sich nicht nur im Besuch der Hl. Messe, wir besch\u00e4ftigen uns auch im Rahmen von Vortr\u00e4gen und Diskussionsabenden mit entsprechenden Themen. Das Prinzip &#8222;religio&#8220; ist ein wesentlicher Aspekt in der Abgrenzung zu den Vereinigungen des national-freiheitlichen bzw. schlagenden Lagers, die dieses Prinzip nicht kennen. Vor allem verbietet uns die religio das Austragen sogenannter &#8222;Mensuren&#8220;. Und \u00fcberhaupt: Warum sollten wir einander auch verletzen?<\/p>\n<h3>Patria<\/h3>\n<p><img decoding=\"async\" class=\"lfloat\" src=\"\/wp-content\/uploads\/2014\/10\/fahnen.png\" alt=\"\" \/>\u00d6sterreicher zu sein ist f\u00fcr uns Ehre und Verpflichtung zugleich. Unser Bekenntnis zur Republik \u00d6sterreich  ersch\u00f6pft sich nicht im Besitz der Staatsb\u00fcrgerschaftsurkunde: &#8222;Frage nicht, was dein Land f\u00fcr dich tun kann &#8211; Frage, was du f\u00fcr dein Land tun kannst!&#8220; Das ber\u00fchmte Kennedy-Zitat trifft wohl am ehesten unsere Einstellung zu unserer Heimat. So stammen auch viele gro\u00dfe Staatsm\u00e4nner aus den Reihen des MKV, zum Beispiel Leopold Figl oder Alois Mock. Uns ist \u00d6sterreich eben nicht egal!<br \/>\nUm keine Missverst\u00e4ndnisse aufkommen zu lassen: Patriotismus ist nicht gleich Nationalismus! Wir lehnen jede Form von nationalistischer \u00dcberheblichkeit ab. Wir bekennen uns zur gleichen W\u00fcrde aller Menschen und V\u00f6lker. Wir setzen uns f\u00fcr ein Europa ein, das &#8211; so wie auch jeder einzelne Staat &#8211; auf dem Fundament von Demokratie, Freiheit, Gerechtigkeit und Menschenrechten steht. In diesem Sinne sehen wir unsere Zukunft auch in einer zusammenwachsenden Europ\u00e4ischen Union.\n<\/div>\n<div class=\"Block\">\n<h3>Scientia<\/h3>\n<p>Wir sind eine &#8222;lernende&#8220; Verbindung. Wir verlangen von unseren Mitgliedern, die als Sch\u00fcler beitreten, den Abschluss der Matura. Das ist eines der Merkmale jenes Bildungsanspruchs, der Teil unseres Selbstverst\u00e4ndnisses ist. Jeder MKVer ist aufgerufen, sich st\u00e4ndig weiter zu bilden und so zum wissenschaftlichen Fortschritt beizutragen, sei es im Rahmen eines gewissenhaften Studiums, sei es im Rahmen des Berufs. Auf Verbindungs- und Verbandsebene setzen wir das etwa mit der Abhaltung von Vortr\u00e4gen, Diskussionsrunden, Seminaren und Konferenzen um. Als Mittelsch\u00fcler-Kartell-Verband sind uns dementsprechend die Interessen der Sch\u00fcler ein gro\u00dfes Anliegen. Deshalb mischt der MKV seit jeher aktiv auf der Seite der Sch\u00fcler in der Schulpolitik mit, und zwar in enger Kooperation mit der vom MKV mitbegr\u00fcndeten Sch\u00fclerunion.\n<\/p><\/div>\n<div class=\"Block\">\n<h3>Amicitia<\/h3>\n<p><img decoding=\"async\" class=\"rfloat\" src=\"\/wp-content\/uploads\/2014\/10\/cikbanddeckel.png\" alt=\"\" \/>Wir sind eine partnerschaftliche Verbindung. Wer als Sch\u00fcler beitritt, bleibt grunds\u00e4tzlich ein Leben lang Mitglied. Das ist das Besondere an der &#8222;amicitia&#8220;: Unsere Verbindungen sind nicht Zweckgemeinschaften f\u00fcr einen beschr\u00e4nkten Zeitraum. Sie folgen viel mehr dem Gedanken der Lebensfreundschaft. Wer &#8222;Couleurstudent&#8220; ist, ist Teil einer Gemeinschaft, die von gegenseitiger Hilfsbereitschaft, gegenseitigem Vertrauen und dem Bewusstsein, im &#8222;Bundesbruder&#8220; mehr als nur einen Freund zu sehen, getragen ist. Als \u00e4u\u00dferes Zeichen dieser Zusammengeh\u00f6rigkeit tragen wir das &#8222;Band&#8220;, das im wahrsten Sinne des Wortes unsere Verbundenheit zeigt &#8211; nicht ohne Grund nennen wir uns &#8222;Verbindungen&#8220;.\n<\/div>\n","protected":false},"excerpt":{"rendered":"<p>Die Prinzipien der K.\u00d6.St.V. Cimbria Kufstein Die vier teils inneinandergreifenden Prinzipien &#8211; Religio, Patria, Scientia und Amicitia machen in ihrer Gesamtheit unsere Identit\u00e4t aus und sind die Grundlage daf\u00fcr, wie wir unser Verbindungs- und&#46;&#46;&#46;<\/p>\n","protected":false},"author":1,"featured_media":0,"parent":0,"menu_order":0,"comment_status":"closed","ping_status":"closed","template":"","meta":{"jetpack_post_was_ever_published":false,"footnotes":""},"class_list":["post-86","page","type-page","status-publish","hentry"],"jetpack_sharing_enabled":true,"jetpack_shortlink":"https:\/\/wp.me\/P88Y0I-1o","jetpack-related-posts":[],"_links":{"self":[{"href":"https:\/\/www.cimbria-kufstein.at\/index.php?rest_route=\/wp\/v2\/pages\/86","targetHints":{"allow":["GET"]}}],"collection":[{"href":"https:\/\/www.cimbria-kufstein.at\/index.php?rest_route=\/wp\/v2\/pages"}],"about":[{"href":"https:\/\/www.cimbria-kufstein.at\/index.php?rest_route=\/wp\/v2\/types\/page"}],"author":[{"embeddable":true,"href":"https:\/\/www.cimbria-kufstein.at\/index.php?rest_route=\/wp\/v2\/users\/1"}],"replies":[{"embeddable":true,"href":"https:\/\/www.cimbria-kufstein.at\/index.php?rest_route=%2Fwp%2Fv2%2Fcomments&post=86"}],"version-history":[{"count":49,"href":"https:\/\/www.cimbria-kufstein.at\/index.php?rest_route=\/wp\/v2\/pages\/86\/revisions"}],"predecessor-version":[{"id":1933,"href":"https:\/\/www.cimbria-kufstein.at\/index.php?rest_route=\/wp\/v2\/pages\/86\/revisions\/1933"}],"wp:attachment":[{"href":"https:\/\/www.cimbria-kufstein.at\/index.php?rest_route=%2Fwp%2Fv2%2Fmedia&parent=86"}],"curies":[{"name":"wp","href":"https:\/\/api.w.org\/{rel}","templated":true}]}}