{"id":6129,"date":"2023-06-14T19:10:36","date_gmt":"2023-06-14T17:10:36","guid":{"rendered":"https:\/\/www.cimbria-kufstein.at\/?page_id=6129"},"modified":"2024-07-07T11:15:42","modified_gmt":"2024-07-07T09:15:42","slug":"ernst-ortner-v-o-ruediger","status":"publish","type":"page","link":"https:\/\/www.cimbria-kufstein.at\/?page_id=6129","title":{"rendered":"Ernst Ortner v\/o R\u00fcdiger"},"content":{"rendered":"<p><u>Mitgliedschaften<\/u><br \/>\nMKV: \tK.\u00d6.St.V. Cimbria-Kufstein<br \/>\n<br \/>\n<u>Personalia<\/u><br \/>\nGeboren: \t01.09.1914 (Wien)<br \/>\nGestorben: \t22.03.1945 (Wien)<br \/>\nPosition: \tSoldat<br \/>\nVerfolgung\/Haft: \tHaft 20.07.1943 &#8211; 22.03.1945, Ermordet im Landesgericht Wien am 22.03.1945<\/p>\n<div class=\"lfloat\"\n<\/div>\n<p><img decoding=\"async\" src=\"\/wp-content\/uploads\/2014\/11\/ortnerc.png\"><br \/>\n<img decoding=\"async\" src=\"https:\/\/niemalswieder.at\/Home\/MitgliederImage\/-100225?istAuthentifiziert=True\">\n<\/div>\n<p><u>Lebenslauf<\/u><\/p>\n<p>Der geb\u00fcrtige lnnsbrucker Ernst Ortner besucht das Gymnasium in Lienz, St. Paul im Lavanttal sowie in Kufstein, wo er 1931 Mitglied der Mittelschulverbindung Cimbria Kufstein wird. Da er offensichtlich keine entsprechende Arbeit gefunden hat, verbringt er einige Monate bei Verwandten in Niedertal im Pustertal (S\u00fcdtirol). Er ist bis 1934 Mitglied der Heimwehr. Dann r\u00fcckt er nach der Musterung im September 1934 als Freiwilliger im November 1934 zum Tiroler Kaiserj\u00e4gerregiment Nr. 6 in Lienz ein.<\/p>\n<p>Nach dem Anschluss wird er in die Deutsche Wehrmacht \u00fcbernommen, wo er als Oberfeldwebel beim Luftnachrichtenregiment Nr. 14 in Kremsier Dienst tut. Im Fliegerhorst Klagenfurt, hier ist er bis Mai 1942 stationiert, lernt er Ende des Jahres 1941 den Unteroffizier der Luftwaffe Eduard Pumpernig kennen. Mit anderen Kartellbr\u00fcdern findet er Anschluss an die Widerstandsgruppe &#8222;Antifaschistische Freiheitsbewegung \u00d6sterreichs&#8220; [AF\u00d6], die \u00fcber mehrere Bundesl\u00e4nder verzweigt ist, Ernst Ortner ist Verbindungsmann zur Gruppe in Lienz. Hier werden Flugbl\u00e4tter hergestellt und verteilt. Die im M\u00e4rz 1942 in Klagenfurt verteilten Flugbl\u00e4tter sind in die H\u00e4nde der Gestapo gefallen und dienen beim Prozess als Beweismittel:<\/p>\n<p>&#8222;K\u00e4rntner .<br \/>\nUnsere Heimat ist in Not!<br \/>\nBraune Verbrecher haben unsere Heimat verraten!<br \/>\nUnsere S\u00f6hne bluten und fallen an den Fronten f\u00fcr ein braunes Verbrechertum. Die braunen Volksverr\u00e4ter sind daheim in warmen \u00c4mtern und rauben das Volk aus.<br \/>\nK\u00e4rntner auf zur Tat! Hinaus mit den braunen Bonzen an die Front. K\u00e4rnten und unser \u00d6sterreich m\u00fcssen wieder frei werden vom preu\u00dfischen Joch!<br \/>\nAlle einig gegen die braunen Verbrecher!<br \/>\nEs lebe K\u00e4rnten!<br \/>\nK\u00e4rntner auf zum Kampfgegen die Sendlinge des preu\u00dfischen Imperialismus:<br \/>\nOb Sozialist, Katholik, Kommunist,<br \/>\nes ist gleich,<br \/>\nes geht um die Heimat,<br \/>\num \u00d6sterreich! &#8220;<\/p>\n<p>Sp\u00e4ter werden die Vorbereitung von Sprengstoff- und Brandanschl\u00e4gen sowie die Beschaffung von Waffen bei den Sitzungen besprochen. Im April 1943 vermittelt Ernst Ortner den Kontakt zu seinem Schwager Arthur Trattler, der auf Fronturlaub ist. Er erkl\u00e4rt sich bereit, ein weiteres Flugblatt zu entwerfen, in dem alle \u00d6sterreicher und auch Slowenen zum Handeln aufgerufen werden:<\/p>\n<p>&#8222;&#8230; Das Reich der Freiheit, das Reich des Friedens, das Reich der vereinten Nationen, das heilige Reich sei die Parole unseres Kampfes, sei die Parole unseres Sterbens.&#8220;<\/p>\n<p>Nach dem Verrat durch einen Spitzel wird Ernst Ortner am 20.7.1943 &#8222;wegen Bet\u00e4tigung f\u00fcr eine legitimistische Geheimorganisation&#8220; festgenommen und im Wehrmachtsuntersuchungsgef\u00e4ngnis in Wien-Favoriten, Hardtmuthgasse, inhaftiert. Hier trifft er auf seinen ebenfalls verhafteten und sp\u00e4ter hingerichteten Bundesbruder Walter Caldonazzi.<\/p>\n<p>In der Verhandlung vom 9.8.1944 &#8211; 11.8.1944 vor dem 5. Senat des Volksgerichtshofes in Wien wird Ernst Ortner zusammen mit zw\u00f6lf verhafteten Kameraden &#8222;wegen Vorbereitung zum Hochverrat, Wehrkraftzersetzung und Feindbeg\u00fcnstigung&#8220; angeklagt und zum Tode verurteilt. Angeklagte Vergehen gegen \u00a7 5 RSSVO [Wehrkraftzersetzung] und \u00a7 91b RStGB [Feindbeg\u00fcnstigung] enden in der Regel mit der Verurteilung zum Tode. Besonders zur Last gelegt wird Ernst Ortner, dass er als Wehrmachtsangeh\u00f6riger den Eid auf Adolf Hitler &#8222;schm\u00e4hlich gebrochen&#8220; habe. In der Urteilsbegr\u00fcndung hei\u00dft es u.a.:<\/p>\n<p>&#8222;Die Angeklagten [Eduard] Pumpernig, Dr. Granig, Primosch, [Ernst] Ortner, [Karl] Krumpf, Dr. Steinwender und Dr. [Wilhelm] Pieller haben in den Jahren 1941-1943 vor allem in K\u00e4rnten eine Organisation mit habsburgisch-separatistischen Zielen ins Leben gerufen oder sich an diesen staatsfeindlichen Umtrieben als Mitt\u00e4ter beteiligt. Dabei haben &#8230; Ortner, &#8230; und Dr. Pieller auch staatsfeindliche Aufrufe hergestellt oder verbreitet oder sonst sich for diese Arbeiten zur Verfiigung gestellt.&#8220;<\/p>\n<p>Die Verurteilten bleiben bis zur Vollstreckung des Urteils im Gefangenenhaus des LG in Wien. Die sechs Todesurteile werden alle vollstreckt. Das Urteil \u00fcber Ernst Ortner wird am letzten Hinrichtungstermin im Wiener Landesgericht am 22.3.1945 vollstreckt.<\/p>\n<p>&#8222;Herr Ortner ist nach Empfang der Sakramente ergeben in Gott und begeistert for \u00d6sterreich gestorben. Er ist, ohne Angst oder Aufregung zu zeigen, in den Tod gegangen&#8220;, so der katholische Anstaltsgeistliche Eduard K\u00f6ck.<\/p>\n<hr \/>\n<p>Quelle:<br \/>\nKrause, Peter\/Reinelt, Herbert\/Schmitt, Helmut (2020): Farbe tragen, Farbe bekennen. Katholische Korporierte in Widerstand und Verfolgung. Teil 2. Kuhl, Manfred (\u00d6VfStG, Wien) S. 239\/240.; Photo: Dokumentationsarchiv des \u00d6sterreichischen Widerstands unter www.doew.at; Stand: 03.12.2022.<\/p>\n","protected":false},"excerpt":{"rendered":"<p>Mitgliedschaften MKV: K.\u00d6.St.V. Cimbria-Kufstein Personalia Geboren: 01.09.1914 (Wien) Gestorben: 22.03.1945 (Wien) Position: Soldat Verfolgung\/Haft: Haft 20.07.1943 &#8211; 22.03.1945, Ermordet im Landesgericht Wien am 22.03.1945<\/p>\n","protected":false},"author":6,"featured_media":0,"parent":0,"menu_order":0,"comment_status":"closed","ping_status":"closed","template":"","meta":{"jetpack_post_was_ever_published":false,"footnotes":""},"class_list":["post-6129","page","type-page","status-publish","hentry"],"jetpack_sharing_enabled":true,"jetpack_shortlink":"https:\/\/wp.me\/P88Y0I-1AR","jetpack-related-posts":[],"_links":{"self":[{"href":"https:\/\/www.cimbria-kufstein.at\/index.php?rest_route=\/wp\/v2\/pages\/6129","targetHints":{"allow":["GET"]}}],"collection":[{"href":"https:\/\/www.cimbria-kufstein.at\/index.php?rest_route=\/wp\/v2\/pages"}],"about":[{"href":"https:\/\/www.cimbria-kufstein.at\/index.php?rest_route=\/wp\/v2\/types\/page"}],"author":[{"embeddable":true,"href":"https:\/\/www.cimbria-kufstein.at\/index.php?rest_route=\/wp\/v2\/users\/6"}],"replies":[{"embeddable":true,"href":"https:\/\/www.cimbria-kufstein.at\/index.php?rest_route=%2Fwp%2Fv2%2Fcomments&post=6129"}],"version-history":[{"count":7,"href":"https:\/\/www.cimbria-kufstein.at\/index.php?rest_route=\/wp\/v2\/pages\/6129\/revisions"}],"predecessor-version":[{"id":6453,"href":"https:\/\/www.cimbria-kufstein.at\/index.php?rest_route=\/wp\/v2\/pages\/6129\/revisions\/6453"}],"wp:attachment":[{"href":"https:\/\/www.cimbria-kufstein.at\/index.php?rest_route=%2Fwp%2Fv2%2Fmedia&parent=6129"}],"curies":[{"name":"wp","href":"https:\/\/api.w.org\/{rel}","templated":true}]}}