{"id":2,"date":"2014-10-13T12:13:37","date_gmt":"2014-10-13T16:13:37","guid":{"rendered":""},"modified":"2025-10-31T07:44:52","modified_gmt":"2025-10-31T06:44:52","slug":"willkommen","status":"publish","type":"page","link":"https:\/\/www.cimbria-kufstein.at\/","title":{"rendered":"Home"},"content":{"rendered":"<!---\r\n<div class=\"trauer\">\r\n<img decoding=\"async\" style=\"float:left;margin-right: 10px; width: 180px;\" src=\"\/wp-content\/uploads\/2025\/10\/hagen.png\"  \/>\r\n<img decoding=\"async\" style=\"float:right;margin-left: 10px; width: 80px;\" src=\"\/wp-content\/uploads\/2014\/10\/kreuz.png\" \/>\r\n<p>K.\u00d6.St.V. Cimbria Kufstein trauert um ihren Urphilister<br\/>\r\n<strong>Helmut Aigner v\/o Hagen<\/strong><br\/>\r\n(geb. am 30. August 1938)<br\/>der am 16. Oktober 2025 im 8. Lebensjahr von unserem Herrgott heim gerufen wurde.<br\/>Bbr. Hagen wurde am 16.10.1954 bei Cimbria recipiert. Er war Tr\u00e4ger des 100-Semester und des \u201epro meritis\u201c Bandes. Bbr. Hagen war Mitbegr\u00fcnder und Chronist des Wiener Cimbernzirkels.\r\n<\/p>\r\n\r\nAm Mittwoch, 29.10., 19:00 Uhr feiern wir eine Heilige Messe f\u00fcr unseren Bundesbruder Hagen in der Dreifaltigkeitskirche. Danach begeben wir uns auf die Bude und feiern den Trauerkommers (s.t., sin.ferm.).\r\n<p align=\"center\">Fiducit, toter Bruder!<\/p>\r\n<\/div>\r\n<p>&nbsp;<\/p>\r\n-->\r\n<!--\r\n<div class=\"trauer\">\r\n<img decoding=\"async\" style=\"float:left;margin-right: 10px; width: 120px;\" src=\"\/wp-content\/uploads\/2023\/06\/zink.jpg\"  \/>\r\n<img decoding=\"async\" style=\"float:right;margin-left: 10px; width: 80px;\" src=\"\/wp-content\/uploads\/2014\/10\/kreuz.png\" \/>\r\n<p>K.\u00d6.St.V. Cimbria Kufstein trauert um ihren Ehrenphilister\r\n<strong>Rechtsanwalt em. Dr. Hansj\u00f6rg Zink v\/o Piccolo<\/strong>\r\n(geb. am 11. August 1935)<br\/>der am 11. Juni 2023 im 88. Lebensjahr zu seinem Sch\u00f6pfer heim gerufen wurde.\r\n\r\nWir feiern den Seelengottesdienst am Samstag, den 17. Juni 2023 um 10:00 Uhr in der Heilig-Geist-Kirche auf dem Stadtfriedhof in Kufstein. Anschlie\u00dfend begleiten wir unseren lieben Bbr. Piccolo zu seiner letzten Ruhest\u00e4tte.\r\nDen Seelenrosenkranz beten wir am Freitag, den 16. Juni 2023, um 18:30 Uhr ebenfalls in der Heilig-Geist.Kirche.\r\n\r\nDen Trauerkommers f\u00fcr unseren verstorbenen Bbr. Piccolo feiern wir am 21.6., 20:00 Uhr (s.t., sin.fem., plen.col.) auf unserer Bude. Kartellbr\u00fcder der AV Austria Innsbruck und des CV-Zirkels Kufstein sind herzlich willkommen.\r\n<p align=\"center\">Fiducit, toter Bruder!<\/p>\r\n<a href=\"\/wp-content\/uploads\/2023\/06\/Parte-Herr-Dr.-Hansjo\u0308rg-Zink.pdf\" target=\"_new\" rel=\"noopener\">Parte<\/a>\r\n<\/div>\r\n<p>&nbsp;<\/p>\r\n-->\r\n<h3 style=\"text-align: left;\">Herzlich Willkommen auf der Web Seite der K.\u00d6.St.V. Cimbria Kufstein.<\/h3>\r\n<!--\r\n<h6 style=\"text-align: left;\">K.\u00d6.St.V. Cimbria Kufstein stellt sich in einem Video vor<\/h6>\r\n<p style=\"text-align: left;\"><video controls=\"controls\" width=\"70%\" height=\"400\"><source src=\"\/wp-content\/uploads\/2020\/09\/cikakt.mp4\" \/><\/video>\r\nVideo: Fabian J\u00e4rvinen\r\nAudio: Karl Buchauer<\/p>\r\n<p style=\"text-align: left;\"><!--<\/p>\r\n-->\r\n<h6 style=\"text-align: left;\">\u00dcber Cimbria<\/h6>\r\n<p style=\"text-align: left;\">In der Grenzstadt Kufstein wurde am 12.11.1919 die katholische \u00f6sterreichische Studentenverbindung \u201eCimbria\u201c gegr\u00fcndet.<\/p>\r\n<p style=\"text-align: left;\">Der Name leitet sich von der 1912 gegr\u00fcndeten \u201eCimbria Trient\u201c her, deren Inventar, Farben und Zirkel Cimbria \u00fcbernahm.<\/p>\r\n<p style=\"text-align: left;\">Wir sind Mitglied im MKV (Mittelsch\u00fcler-Kartell-Verband), dem gr\u00f6\u00dften Sch\u00fcler- und Absolventenverband \u00d6sterreichs mit rund 20.000 Mitgliedern in 160 Verbindungen.<\/p>\r\n<p style=\"text-align: left;\">Wir laden Dich ein, Cimbria bei einem &#8222;Rundgang&#8220; auf unseren Web-Seiten kennen zu lernen.<\/p>\r\n\r\n<h4>Der MKV stellt sich vor:<\/h4>\r\n<iframe loading=\"lazy\" width=\"560\" height=\"315\" src=\"https:\/\/www.youtube.com\/embed\/Sh51ebB2G8A?si=goY5nECfMxIKXNuc\" title=\"YouTube video player\" frameborder=\"0\" allow=\"accelerometer; autoplay; clipboard-write; encrypted-media; gyroscope; picture-in-picture; web-share\" allowfullscreen><\/iframe><!-- \/wp:post-content -->","protected":false},"excerpt":{"rendered":"<p>Herzlich Willkommen auf der Web Seite der K.\u00d6.St.V. Cimbria Kufstein. \u00dcber Cimbria In der Grenzstadt Kufstein wurde am 12.11.1919 die katholische \u00f6sterreichische Studentenverbindung \u201eCimbria\u201c gegr\u00fcndet. Der Name leitet sich von der 1912 gegr\u00fcndeten \u201eCimbria&#46;&#46;&#46;<\/p>\n","protected":false},"author":1,"featured_media":0,"parent":0,"menu_order":0,"comment_status":"closed","ping_status":"closed","template":"","meta":{"jetpack_post_was_ever_published":false,"footnotes":""},"class_list":["post-2","page","type-page","status-publish","hentry"],"jetpack_sharing_enabled":true,"jetpack_shortlink":"https:\/\/wp.me\/P88Y0I-2","jetpack-related-posts":[],"_links":{"self":[{"href":"https:\/\/www.cimbria-kufstein.at\/index.php?rest_route=\/wp\/v2\/pages\/2","targetHints":{"allow":["GET"]}}],"collection":[{"href":"https:\/\/www.cimbria-kufstein.at\/index.php?rest_route=\/wp\/v2\/pages"}],"about":[{"href":"https:\/\/www.cimbria-kufstein.at\/index.php?rest_route=\/wp\/v2\/types\/page"}],"author":[{"embeddable":true,"href":"https:\/\/www.cimbria-kufstein.at\/index.php?rest_route=\/wp\/v2\/users\/1"}],"replies":[{"embeddable":true,"href":"https:\/\/www.cimbria-kufstein.at\/index.php?rest_route=%2Fwp%2Fv2%2Fcomments&post=2"}],"version-history":[{"count":409,"href":"https:\/\/www.cimbria-kufstein.at\/index.php?rest_route=\/wp\/v2\/pages\/2\/revisions"}],"predecessor-version":[{"id":6815,"href":"https:\/\/www.cimbria-kufstein.at\/index.php?rest_route=\/wp\/v2\/pages\/2\/revisions\/6815"}],"wp:attachment":[{"href":"https:\/\/www.cimbria-kufstein.at\/index.php?rest_route=%2Fwp%2Fv2%2Fmedia&parent=2"}],"curies":[{"name":"wp","href":"https:\/\/api.w.org\/{rel}","templated":true}]}}

<!---
<div class="trauer">
<img decoding="async" style="float:left;margin-right: 10px; width: 180px;" src="/wp-content/uploads/2025/10/hagen.png"  />
<img decoding="async" style="float:right;margin-left: 10px; width: 80px;" src="/wp-content/uploads/2014/10/kreuz.png" />
<p>K.Ö.St.V. Cimbria Kufstein trauert um ihren Urphilister<br/>
<strong>Helmut Aigner v/o Hagen</strong><br/>
(geb. am 30. August 1938)<br/>der am 16. Oktober 2025 im 8. Lebensjahr von unserem Herrgott heim gerufen wurde.<br/>Bbr. Hagen wurde am 16.10.1954 bei Cimbria recipiert. Er war Träger des 100-Semester und des „pro meritis“ Bandes. Bbr. Hagen war Mitbegründer und Chronist des Wiener Cimbernzirkels.
</p>

Am Mittwoch, 29.10., 19:00 Uhr feiern wir eine Heilige Messe für unseren Bundesbruder Hagen in der Dreifaltigkeitskirche. Danach begeben wir uns auf die Bude und feiern den Trauerkommers (s.t., sin.ferm.).
<p align="center">Fiducit, toter Bruder!</p>
</div>
<p>&nbsp;</p>
-->
<!--
<div class="trauer">
<img decoding="async" style="float:left;margin-right: 10px; width: 120px;" src="/wp-content/uploads/2023/06/zink.jpg"  />
<img decoding="async" style="float:right;margin-left: 10px; width: 80px;" src="/wp-content/uploads/2014/10/kreuz.png" />
<p>K.Ö.St.V. Cimbria Kufstein trauert um ihren Ehrenphilister
<strong>Rechtsanwalt em. Dr. Hansjörg Zink v/o Piccolo</strong>
(geb. am 11. August 1935)<br/>der am 11. Juni 2023 im 88. Lebensjahr zu seinem Schöpfer heim gerufen wurde.

Wir feiern den Seelengottesdienst am Samstag, den 17. Juni 2023 um 10:00 Uhr in der Heilig-Geist-Kirche auf dem Stadtfriedhof in Kufstein. Anschließend begleiten wir unseren lieben Bbr. Piccolo zu seiner letzten Ruhestätte.
Den Seelenrosenkranz beten wir am Freitag, den 16. Juni 2023, um 18:30 Uhr ebenfalls in der Heilig-Geist.Kirche.

Den Trauerkommers für unseren verstorbenen Bbr. Piccolo feiern wir am 21.6., 20:00 Uhr (s.t., sin.fem., plen.col.) auf unserer Bude. Kartellbrüder der AV Austria Innsbruck und des CV-Zirkels Kufstein sind herzlich willkommen.
<p align="center">Fiducit, toter Bruder!</p>
<a href="/wp-content/uploads/2023/06/Parte-Herr-Dr.-Hansjörg-Zink.pdf" target="_new" rel="noopener">Parte</a>
</div>
<p>&nbsp;</p>
-->
<h3 style="text-align: left;">Herzlich Willkommen auf der Web Seite der K.Ö.St.V. Cimbria Kufstein.</h3>
<!--
<h6 style="text-align: left;">K.Ö.St.V. Cimbria Kufstein stellt sich in einem Video vor</h6>
<p style="text-align: left;"><video controls="controls" width="70%" height="400"><source src="/wp-content/uploads/2020/09/cikakt.mp4" /></video>
Video: Fabian Järvinen
Audio: Karl Buchauer</p>
<p style="text-align: left;"><!--</p>
-->
<h6 style="text-align: left;">Über Cimbria</h6>
<p style="text-align: left;">In der Grenzstadt Kufstein wurde am 12.11.1919 die katholische österreichische Studentenverbindung „Cimbria“ gegründet.</p>
<p style="text-align: left;">Der Name leitet sich von der 1912 gegründeten „Cimbria Trient“ her, deren Inventar, Farben und Zirkel Cimbria übernahm.</p>
<p style="text-align: left;">Wir sind Mitglied im MKV (Mittelschüler-Kartell-Verband), dem größten Schüler- und Absolventenverband Österreichs mit rund 20.000 Mitgliedern in 160 Verbindungen.</p>
<p style="text-align: left;">Wir laden Dich ein, Cimbria bei einem &#8222;Rundgang&#8220; auf unseren Web-Seiten kennen zu lernen.</p>

<h4>Der MKV stellt sich vor:</h4>
<iframe loading="lazy" width="560" height="315" src="https://www.youtube.com/embed/Sh51ebB2G8A?si=goY5nECfMxIKXNuc" title="YouTube video player" frameborder="0" allow="accelerometer; autoplay; clipboard-write; encrypted-media; gyroscope; picture-in-picture; web-share" allowfullscreen></iframe><!-- /wp:post-content -->

<p>Herzlich Willkommen auf der Web Seite der K.Ö.St.V. Cimbria Kufstein. Über Cimbria In der Grenzstadt Kufstein wurde am 12.11.1919 die katholische österreichische Studentenverbindung „Cimbria“ gegründet. Der Name leitet sich von der 1912 gegründeten „Cimbria&#46;&#46;&#46;</p>
